. Calculate the highest common factor of c and l.
5
Let x = 245 - 135. What is the greatest common divisor of 22 and x?
22
Suppose 5 - 30 = -5*u. Suppose 5*g - 45 = -u. What is the highest common factor of 32 and g?
8
Suppose b - 5*i - 17 = -i, -3*b + 2*i = -11. Let h be (12/2 - 2)*b. Let c = 57 - 21. Calculate the highest common factor of h and c.
4
Let c(a) = 5*a**2 + 3*a. Let l be c(-2). Suppose 2*s = -u + l + 13, s - 4*u - 18 = 0. Let y = 50 - s. Calculate the greatest common divisor of 9 and y.
9
Let u(b) = 5*b - 1 - 4*b - 1 + 10. Let a be u(6). Calculate the greatest common factor of 56 and a.
14
Suppose 3 + 0 = r. Let u = 79 - 55. Calculate the greatest common factor of u and r.
3
Let f(j) = -48*j + 352. Let u be f(6). What is the greatest common factor of u and 304?
16
Let a be (-3954)/(-8) - 15/12. What is the highest common factor of a and 17?
17
Let y be (-24)/6*2*3. Let r = -21 - y. Suppose r*h = -3*h + 378. What is the highest common factor of 21 and h?
21
Let j(a) = -4 - 2*a + 2 + 22*a + 2*a. Let y be j(1). What is the greatest common factor of y and 10?
10
Let h(u) = -u**3 + 14*u**2 + 19*u - 13. Let q be h(13). What is the highest common factor of 62 and q?
31
Let u(o) = -o**2 - 4*o + 5. Let q be u(-5). Let w = 81 + -74. Suppose q = 4*k - w*k + 21. Calculate the greatest common factor of k and 7.
7
Let i(k) = 39*k - 29. Let y be i(3). Let m be 15/3*(-92)/(-10). Suppose -4*d - 3*n + 47 = 0, -m = -5*d - 2*n + 4. What is the highest common divisor of d and y?
8
Let j be (5 - 4) + -4 + (-4)/(-2). Let t be (j/(-1))/((4/(-80))/(-1)). Calculate the greatest common divisor of t and 40.
20
Let v = 3 - 3. Suppose 4*i + i - 10 = v. Suppose -i*o - 2*k = -80, -3*k = 4*o + o - 200. What is the highest common factor of 16 and o?
8
Suppose l - 2 = -l. Let o be l*141 + -2 + 5. Calculate the highest common divisor of 36 and o.
36
Let d(j) = j**2 - 14*j + 21. Let y be d(10). Let u be 9*(y/3)/(-1). What is the greatest common divisor of u and 38?
19
Suppose 0*j - 397 = -5*t - 3*j, 373 = 5*t - 3*j. Suppose 4*u - t = i, 0*i = 4*u + 4*i - 92. What is the greatest common factor of 220 and u?
20
Let b = 8 - 3. Suppose 5*o = b*m - 49 - 66, -m - 3*o + 3 = 0. Let g be 3 - (-4)/(4/1)*-1. What is the greatest common factor of m and g?
2
Let y(u) = 14*u**2 + 12*u + 11. Let b be y(-1). Suppose -3*w - 2 - 1 = 0. Let o be (w/(-2))/(1/104). Calculate the highest common factor of b and o.
13
Suppose 0 = 40*d - 30*d - 420. Calculate the highest common divisor of d and 14.
14
Let z be (2/2)/((7 + -5)/68). What is the highest common divisor of 221 and z?
17
Let u be -3 - (-1 + (3 - 62)). Suppose u = y - 159. What is the highest common factor of y and 24?
24
Let f(l) = 49*l + 1235. Let i be f(-25). Suppose -4*n - 2 = -18. What is the highest common divisor of i and n?
2
Let a(d) = -d**3 - d**2 + 6*d - 23. Let r be a(-8). What is the highest common divisor of 58 and r?
29
Let b(k) = 48 - 4*k**2 - 20*k - 34 + 6*k**2. Let f be b(11). What is the greatest common divisor of f and 45?
9
Suppose 3*x + 3*n = 216, 0 = -5*x - 4*n + 72 + 286. Calculate the greatest common divisor of 182 and x.
14
Let u = 1788 - 1728. Calculate the highest common divisor of 70 and u.
10
Suppose -19424 + 6356 = -9*r. What is the greatest common divisor of r and 12?
12
Let i(f) = 3*f + 107. Let x be i(-31). Calculate the greatest common divisor of x and 35.
7
Suppose 4*w + w - 2*x = 37, -w + 2*x = -9. Let v = -5903 + 5906. Calculate the greatest common divisor of w and v.
1
Let p = -77 - -96. Suppose -p = j - 58. Suppose 3*l - 1365 = -2*l. What is the greatest common divisor of j and l?
39
Suppose 4*u - 1792 = 2*f, 0 = -19*f + 17*f. What is the highest common factor of 14 and u?
14
Suppose 0 = -2*k + 5*h + 45, 5*h - 10 + 95 = 4*k. Let j = 9 - 4. Suppose 5*m + 10 = j*b - 55, 3*b = -4*m + 18. What is the greatest common factor of b and k?
10
Let o(m) = -m**2 - 12*m + 5. Suppose 17 = -3*d - 4. Let v be o(d). What is the highest common divisor of 8 and v?
8
Let o(j) = -j**3 - j**2 + 4*j + 13. Let x be o(0). Calculate the highest common divisor of x and 598.
13
Let f be 23452/390 + 1/(-15)*2. Suppose 0*y = -5*y + 100. What is the highest common divisor of y and f?
20
Let g = -11 + 11. Let i be g/((0 + 3)/(-1)). Suppose 5*u - 10 = i, -5*u = 3*q + 13 - 83. What is the greatest common factor of q and 180?
20
Let z = -48 + 128. What is the greatest common factor of z and 20?
20
Let n(o) = -2*o**3 + o**2 + o. Let c be n(-1). Let a be 7 - (-3 + c - -3). Suppose 5*r = 15, 3*j - 2*j - 5*r = 0. What is the greatest common factor of a and j?
5
Let q be (-444)/(-30) + 2/10. Suppose -q = -6*o + 7*o. Let m be (o/25)/((-2)/110). What is the highest common divisor of 11 and m?
11
Suppose 0 = 3*s + 121 - 256. Calculate the highest common factor of s and 120.
15
Suppose -4*h = -u + 28, -3*u + 3*h = -0*u - 66. Suppose -4*n + i = -4*i - 45, 0 = -5*n - 5*i. Calculate the highest common factor of n and u.
5
Let y(l) = l**3 - 35*l**2 - 107*l - 49. Let v be y(38). Calculate the highest common divisor of v and 496.
31
Suppose 19*v - 215 - 70 = 0. Calculate the highest common factor of v and 1545.
15
Let c be (-5)/(-3)*(-30)/(-10). Suppose 0*u + 25 = c*u. Calculate the greatest common factor of 10 and u.
5
Let b(g) = -g + 9. Let a be b(6). Let c = 135 - -165. Suppose c = 2*r + a*r. Calculate the highest common factor of r and 15.
15
Let v(p) = p**3 + 11*p**2 + 11*p - 7. Let r be v(-10). Let l(h) = -3*h - 49. Let t be l(r). Calculate the highest common factor of 6 and t.
2
Let s be (0 + 0/(-2))/(-1). Suppose s = -2*d - 4*d - 60. Let q be 13 - 5/(d/(-4)). Calculate the greatest common factor of 55 and q.
11
Suppose -8*z - 5*z = -2028. Let r = 85 - 61. What is the greatest common factor of r and z?
12
Let s(t) = -14*t**3 + t**2 + t - 2. Let i be s(-2). Let m(p) = -5*p - 96. Let v be m(-22). Calculate the greatest common factor of i and v.
14
Let x(q) = -7*q**2 - 1 + 4*q**2 + q + 14*q**3 + 4*q**2. Let h be x(1). What is the highest common factor of h and 5?
5
Let g = -161 - -177. Suppose -351 = -3*s + 465. Calculate the highest common divisor of s and g.
16
Suppose 133 = 25*j + 32 - 149. Let v(m) = -33*m + 1. Let a be v(-1). Let r = a + 16. What is the greatest common factor of r and j?
10
Let w be (8/10)/((-2)/(-450)). Let p = 1065 + -993. Calculate the highest common divisor of w and p.
36
Suppose -141 - 63 = -w. Calculate the highest common factor of w and 12.
12
Let r(b) = b**2 - 2*b - 2. Let t be r(-3). Let p = t - -37. Let i(d) = 5*d**2 + 7*d - 4. Let q be i(-3). Calculate the highest common factor of p and q.
10
Let t(o) = 90*o**2 - 4*o + 4. Let d be t(1). Calculate the greatest common divisor of d and 36.
18
Let y be (-21465)/(-371) - (-1)/7. What is the greatest common divisor of 8 and y?
2
Let u = 229 - 219. Let l = 211 - 57. Let i = -64 + l. What is the greatest common divisor of i and u?
10
Suppose -3*q = 8 - 20. Let a be 549/36 - ((-1)/q)/(-1). What is the greatest common factor of 10 and a?
5
Let t(m) = -m**2 + 52*m + 404. Let b be t(29). Calculate the greatest common factor of b and 126.
63
Let j be (5 - (-6)/(-3))*1. Let k be (-61)/(-5) - j/15. Let w = 2 - -34. Calculate the highest common divisor of w and k.
12
Let n = -619 + 706. Calculate the highest common factor of n and 116.
29
Let n be (0 + (-6)/(-9))/((-4)/(-48)). Suppose 7*d + 8 = n*d. Calculate the greatest common factor of d and 64.
8
Let x(u) = 4*u + 5. Let i = -3 - -10. Let z be x(i). What is the highest common divisor of z and 11?
11
Suppose 0 = -5*k + 3*x + 191, -4*k + 110 + 65 = 5*x. Calculate the greatest common divisor of k and 5.
5
Let y be (25/((-1400)/(-48)))/(4/14). Let q = 5 - -59. Suppose 2*n = -4*z + q, 0*n + n + 48 = y*z. What is the highest common factor of z and 176?
16
Suppose 9*x = 8*x - 3*r - 3, -14 = -2*x - r. Calculate the highest common factor of 207 and x.
9
Let a = -49 - -57. Suppose a*r = 10*r - 858. Calculate the highest common divisor of r and 39.
39
Let o = 14 + 13. Let t(n) = 25*n**2 + 5*n - 2. Let a be t(2). What is the highest common divisor of o and a?
27
Suppose 7 + 7 = 5*i - h, -3*h - 22 = -5*i. Let l be 15/i*(-4)/3. Let z = 12 + l. What is the highest common divisor of z and 1?
1
Suppose 3*r + 6 = 5*r. Calculate th